- ((1 - 1) + -3). Suppose 0 = 5*l - 5*g - 105, 0 = -j*l + 2*g - 3*g + 39. Suppose l*o + 6385 = 21*o. Is o a prime number?
False
Let c(j) = j**3 - 5*j**2 + 4*j + 2. Let g be c(2). Is (71952/(-12))/(4/g) prime?
False
Suppose -5*k + 5398204 + 9111975 = -2*n, 2*k - 5804062 = 2*n. Is k composite?
True
Suppose 953 = 2*v - 3*p, 0 = -2*v - 0*v - 5*p + 945. Suppose 6*j = v + 6239. Is j composite?
True
Is 5392 - (-21)/(42/(-22)) composite?
False
Let t(c) = -c**2 + 11*c - 4. Let z be t(11). Let l be z + 2615/(25/5). Suppose 0 = u - 0*u - l. Is u prime?
False
Let r(f) = 2*f**2 - 23*f + 36. Let c be r(10). Is -2 - (-660 - (2 - c) - -5) a composite number?
True
Let x = -19 + 21. Suppose 0 = -0*k + x*k - 4966. Let v = -1362 + k. Is v composite?
True
Let c(k) = 57*k**3 - k**2 - k + 2. Let s be c(1). Let m = s - 54. Suppose -5*l + 445 = 2*q, -4*l - 4*q = -m*l - 89. Is l prime?
True
Suppose -18*o + 9125 + 17893 = 0. Suppose 15*s - a = 13*s + o, -2999 = -4*s + 5*a. Is s prime?
True
Suppose -5*i - 27 = 4*h, -2*h + 2*i + 38 = -7*h. Let r = -198 - -202. Is (-542)/h*r - 2 a prime number?
True
Suppose 2*w - 2346 - 3500 = 0. Suppose -7*l = 60 - w. Is l a prime number?
True
Let s(g) = -60*g - 5. Let h be s(1). Let i = 57 + h. Is 12/i*1168/(-6) - -1 a prime number?
True
Let a(j) = j**3 - 6*j**2 + 7*j - 2. Let i be a(5). Let z = i - 5. Suppose -z*x = -6619 + 2080. Is x a composite number?
True
Suppose 48*q - a = 53*q - 85798, 4*a = -q + 17171. Is q a prime number?
True
Suppose 30838408 = -208*h + 166319000. Is h a composite number?
True
Is 1580517/(-12)*(-624)/468 prime?
False
Let w(t) = 24*t - 49. Let v be w(-3). Let p = v - -344. Is p prime?
True
Suppose -2*k + 6*g - 2 = g, 0 = 2*g. Let m = k - -6. Suppose 0 = -m*b - 2*p + 1891, -4*b - 269 = -4*p - 1765. Is b a composite number?
True
Let m be (-5763)/(-7) - (0 + (-2)/(-7)). Suppose 3*z + 1337 = k, -4*k + z + 4514 = -m. Let p = 1907 - k. Is p a prime number?
False
Suppose 6*o - 11*o = 0. Suppose 6*r - 1136 - 7246 = o. Is r a composite number?
True
Suppose t - 2*t + 9904 = 0. Suppose -20768 - t = -9*f. Is f/7 - (-1)/7 a composite number?
False
Let x(f) = 850*f**2 - 6*f + 30. Is x(-14) prime?
False
Let z(r) = 83*r - 53. Let t(l) = 83*l - 69. Let w(b) = -3*t(b) + 4*z(b). Let h = 12 + -6. Is w(h) composite?
True
Let h(m) = -m**2 - 10*m + 12. Let z be h(-9). Let o be 108056/14 - 6/z. Let g = o + -3957. Is g composite?
False
Let j(g) = -5 + 71*g**3 - 6*g + 4*g**2 + 19*g - 16*g - 5*g. Is j(6) a composite number?
False
Suppose 4*d = -317*a + 321*a - 132388, -5*a = 5*d - 165425. Is a a prime number?
True
Let m be 444/54 + (-38)/9 + 4. Let u(q) = 12*q**2 + 26*q - 117. Is u(m) prime?
True
Let w be ((-51)/(-9) + -6)*(-35441 - 4). Let u = -6252 + w. Is u composite?
False
Let k = 1174465 + -732558. Is k a composite number?
False
Let i be ((-5793)/7 - 20/(-35)) + -3. Let l = 4729 + i. Is l a composite number?
True
Suppose -b + 32 - 28 = 0. Suppose -b*y - 3*g + g + 1228 = 0, g - 307 = -y. Let l = 498 - y. Is l prime?
True
Let g(z) = -z**3 - 8*z**2 + 7. Let j be g(-8). Suppose 0 = 12*d + j*d - 13015. Is d a prime number?
False
Let i(o) = 36*o**3 + 12*o**2 - 195*o - 2. Is i(13) a prime number?
True
Let x = 1125 - 635. Suppose 8*n = 4*n + 12. Suppose -5*v - 6251 = -4*l, n*v = -l + 2040 - x. Is l a composite number?
False
Let t be -2 - (-32)/18 - 171456/(-513). Suppose 327*i - t*i = -13727. Is i a composite number?
True
Let t = -42827 - -24219. Is -1*t/6 - (-9)/(-27) a prime number?
False
Let j(q) be the third derivative of q**5/6 - 61*q**4/24 + 31*q**3/6 + 90*q**2. Is j(24) a composite number?
False
Let o be 25/2*(-44)/(-55). Suppose o*k + 36 = 14*k. Is 3018/k - (-2)/(2*-3) composite?
True
Suppose -3*w + 3*n = -58390 - 85130, 3*w = 2*n + 143517. Is w composite?
False
Suppose -3*g = 4*r - 658307, g - 4*r = 71487 + 147986. Is g prime?
False
Is (-1 - (5 + -8))/(24/6799596) a composite number?
False
Let k be (2 + (-22)/8)/((-10)/(-40)). Is (-2)/k - (21702/(-9) + -5) prime?
True
Is 54/9 - 6/((-6)/77303) composite?
True
Let h = 1099 - -1225. Suppose -2*b + 3*w = -h + 307, -5*b - 4*w + 5031 = 0. Is b composite?
True
Suppose -32*u - 11833773 = -53*u. Is u prime?
False
Let k be 2189*(2 + -2 - (-3)/3). Suppose 6*v = 7*v + k. Let w = v - -4216. Is w a composite number?
False
Let j = -49 - -45. Let g be j/42 - (-63510)/63. Let q = -89 + g. Is q composite?
False
Let p = 586206 - 238109. Is p composite?
False
Suppose 7*s = 63714 + 9177. Suppose 0 = 15*n - 13*n + 5*m - 4152, 4*m = 5*n - s. Is n composite?
False
Let u be 33/9 + 2 + 24/(-9). Is (6 + -2 - u)/((-6)/(-5958)) a composite number?
True
Let a(i) = 139*i**2 + 72*i - 1457. Is a(40) a prime number?
True
Suppose 3*o - 5*p = 8288, 3*o + 6*p = p + 8248. Is (o/78)/(4/18) a composite number?
True
Suppose n - 3 = 3*r + 11, 5*n - 5*r = 120. Let p(a) = 125*a - 144. Is p(n) composite?
True
Suppose 2165042 + 551483 = 65*s + 194330. Is s a prime number?
True
Let u(m) = 9590*m**2 - 180*m + 21. Is u(5) prime?
False
Let f(u) = 39*u + 48. Let m(r) = -78*r - 97. Let b be 5/10*(9 - 1). Let x(i) = b*m(i) + 7*f(i). Is x(-15) prime?
False
Let s(w) = -4*w - 3. Let y be s(-2). Suppose -y*g + 353461 = 32*g. Is g a prime number?
False
Suppose -7 + 34 = l - 3*v, 0 = 5*l + 5*v - 95. Suppose l*f = 19*f + 4350. Let t = f + -1534. Is t a prime number?
True
Let r(s) = 11140*s - 41. Let l be r(2). Suppose 8*b - l = 27337. Is b a composite number?
False
Is -31 + 22 + 899095*14/35 prime?
False
Let j(m) = 731*m**2 - 15*m - 47. Let q(n) = 366*n**2 - 7*n - 24. Let k(s) = 4*j(s) - 7*q(s). Is k(-3) prime?
True
Suppose -c = -2*n + 104737, 0 = 20*c - 21*c - 3*n - 104762. Is (1/2)/(8/(5 - c)) a prime number?
True
Let l = 37 - 118. Let i(j) = -3*j**3 + 10*j**2 + 22*j - 20. Let o be i(-4). Let u = l + o. Is u prime?
True
Suppose -57*d + 23530940 = -45938437. Is d composite?
False
Suppose -2*z + 2 = -20*b + 21*b, -b = -5*z - 9. Suppose 2*f = -k + 2105, b*k - 4201 = 2*k - f. Is k a prime number?
True
Let v(k) = 511*k**2 + 42*k + 1023. Is v(-20) prime?
True
Let v = -410 - -419. Is 1244/3 + (-7)/(v - 30) a prime number?
False
Let o be 3 + (4/(-10) - (-34)/10). Suppose -4*a + 18 = o. Suppose -5*n - 263 = -a*b - 0*b, -3*b = 2*n - 277. Is b composite?
True
Let k(v) = -390*v - 49. Let p be k(-11). Suppose -7*f = -p + 594. Is f prime?
True
Let s(j) = -1842*j + 59. Is s(-9) prime?
False
Is 4/(-5) - (-56715213)/435 composite?
False
Suppose -2087702 = -36*z + 73414. Is z prime?
False
Suppose -2*g + 6*g = -5*d + 65, -47 = -3*d - 4*g. Suppose d*u - 2432 = -533. Is u a composite number?
False
Suppose 0 = -22*b + 18*b + 97244. Suppose -b - 27202 = -33*l. Is l composite?
True
Suppose -7*n + 9*n + 4*f = -12, 0 = -5*n + 3*f + 35. Suppose -2*t + 23660 = 4*w + 6650, n*t = -3*w + 34010. Is t a prime number?
True
Let z(v) = v**3 + 29*v**2 + 53*v - 17. Let w(a) = -a**2 + 13*a - 27. Let d be w(13). Let c be z(d). Suppose 6*q + 8596 = c*q. Is q a composite number?
True
Suppose -620113 = -2*f - 5*p, -133 + 148 = 5*p. Is f a composite number?
False
Suppose -2*v + 3*f = -0*v - 12, 0 = 5*v - f - 43. Suppose p = -x + v, -2*p + 2*x = -3*x - 39. Suppose 16*w - p*w - 3140 = 0. Is w prime?
False
Let s(v) = -v**3 - v**2 - v - 2. Let k be ((0/(-3))/(-5))/2. Let w be s(k). Is 1439*(w + (-6)/(-2)) prime?
True
Suppose 36736 = 60*q - 279404. Is q a composite number?
True
Let v(g) = 6*g - 3. Let k be v(1). Let o(p) = 30*p**3 - 8*p**2 + 4*p + 4. Let d be o(k). Suppose -2*w = 4*u - d, -5*w - 1 = 4*u - 740. Is u composite?
False
Let t(z) be the third derivative of -11*z**5/60 + z**4/12 - z**3/3 + 22*z**2. Let k be t(1). Let v = 20 - k. Is v a prime number?
True
Suppose -3*z + 14 = l, 0 = 4*z - 5*l + 2*l + 3. Suppose -2*y - 1732 = -z*i - 2*i, -4*y = -4*i + 3452. Let v = y - -1474. Is v prime?
True
Suppose 5*u = 2*c + 28, 0 = -u + 2*c + 5 + 7. Let b be (-100)/(-55) - u/(-22). Is -4 + 3 - (-1 - (393 - b)) a prime number?
False
Let j = 20472 + -15281. Is j a prime number?
False
Suppose -103 = h - 91. Is h/(-5 - -7) + 4385 a composite number?
True
Let h be 0 + 577/(2/2). Let s = h + -181. Suppose 14*p = 2*p + s. Is p prime?
False
Let r(k) = 376*k**2 - 211*k - 181. Is r(26) composite?
False
Let h(k) = -82*k**3 - 2*k**2 + 3*k - 3. Suppose 0 = -6*a - 1418 + 1394. Is h(a) a prime number?
